ctors of d.
2, 67
Let c = 53 + 232. List the prime factors of c.
3, 5, 19
Suppose 2*v - 2*p = 38, 0 = 4*v - 3*v - 2*p - 15. List the prime factors of v.
23
Let z = 46 - 29. Suppose 3*x - 1 = z. Suppose -2*b + 3*v + 30 = 0, x*v = v. List the prime factors of b.
3, 5
Let t(c) = -c**3 + 7*c**2 - c + 10. Let o be t(7). Suppose -3*r + 1 - 13 = 0, 0 = o*j + 3*r. List the prime factors of j.
2
Let j be 56/6 - (-12)/18. Let w(x) = x**3 - 9*x**2 - 9*x - 7. List the prime factors of w(j).
3
Suppose 8*z - 5*t = 3*z + 180, t = -2*z + 72. List the prime factors of z.
2, 3
Let b(a) = a**3 + 6*a**2 + a + 8. Let m = -10 - -4. What are the prime factors of b(m)?
2
Let z = -15 + 24. What are the prime factors of z?
3
Suppose -3*s + 1 - 4 = 0, 3*p = -2*s - 5. Let w = p - -4. List the prime factors of w.
3
Suppose -2*j - 18 = -4*n, 3*n = -4*j - 3 + 11. Suppose -n*l = 4*r - 33 + 1, -5*r - 3*l + 50 = 0. List the prime factors of r.
13
Let n be 2/7 - 78/(-21). Let p = n - -7. What are the prime factors of p?
11
Suppose -243 = -5*d + 2*d. What are the prime factors of d?
3
Suppose -10 = -5*i + h, -4*h + 6 + 5 = -3*i. Let o(r) = -r**3 + 4*r**2 + 2*r - 3. List the prime factors of o(i).
2, 3
Suppose 2*f - 2 = 0, -3*m - f + 15 = 2*f. Suppose m*t - 144 = -0*t - 3*h, 3*h + 144 = 4*t. What are the prime factors of t?
2, 3
Let x = 15 - 10. Suppose 15 = 4*p - 5*f, -2*p = -x*f - 8 - 7. Suppose m + p = 3. List the prime factors of m.
3
Suppose -5*w = 3*y - 101, -2*w - 4*y + 37 = -9. What are the prime factors of w?
19
Let v = -1 + 4. Suppose 0 = v*r - r - 4. Suppose r*m = 5*m - 27. What are the prime factors of m?
3
Let t be (0 - (2 + -1))*3. Let c = t - -4. List the prime factors of (2 - -5*1)*c.
7
Let b be (-14)/1*3/6. What are the prime factors of (-8)/10*70/b?
2
Suppose 2*p - 99 + 25 = 0. What are the prime factors of p?
37
Suppose 0*u - 16 = -5*p - u, 0 = p + u. Suppose 2*i + p*m - 6 = -2, -3*m = -3*i + 15. What are the prime factors of i?
2
Suppose r - n = 6*r - 277, n = -3*r + 167. What are the prime factors of r?
5, 11
Let t(h) be the third derivative of h**7/840 + h**6/90 + h**4/24 - h**3/3 - h**2. Let a(n) be the first derivative of t(n). List the prime factors of a(-3).
2, 5
Suppose -3*g + 5 = -5*a, -g + 1 = -2*g - a. Suppose 2*i - 12 = -g*i. What are the prime factors of (4/6)/(i/99)?
11
Let w(p) be the first derivative of -p**4/4 - p**3 + 3*p**2/2 + 5*p - 3. Let g be w(-4). Let r = 18 - g. What are the prime factors of r?
3
Suppose l = -3*h - 2*l - 585, -h - 215 = -3*l. List the prime factors of (-18)/(-8)*h/(-15).
2, 3, 5
Let l = 615 + -436. List the prime factors of l.
179
Let b(o) = -138*o**3 + o**2 + o + 1. List the prime factors of b(-1).
139
Suppose 6*b = b. Let m = 1 + b. List the prime factors of m*-6*1/(-2).
3
Let a(n) = -n - 5. Let t be a(-4). Let h = 4 - t. List the prime factors of h.
5
Suppose 4*m - 204 = -60. What are the prime factors of m?
2, 3
Suppose 0 = 4*m + m - 20. Suppose -2*f - m = -20. List the prime factors of f.
2
Let t = -2 + 3. Suppose -f - t = -44. List the prime factors of f.
43
Suppose 0 = -4*s - 9 - 7. Let z = 17 + s. List the prime factors of z.
13
Suppose 13 - 58 = -3*x. What are the prime factors of x?
3, 5
Suppose 0 = 5*d - 10, 2*d = -2*f - 3*d + 210. Suppose 2*k + 8 = f. List the prime factors of k.
2, 23
Suppose 2*t + 2*a + 6 - 20 = 0, 0 = a - 1. Let r = 10 - 7. Suppose p + t*k - 2*k = 28, 0 = p - k - r. What are the prime factors of p?
2
Let n(c) = c + 15. List the prime factors of n(12).
3
Suppose 4*i = 5*i. Let l(t) = t + 12. What are the prime factors of l(i)?
2, 3
Let t = 21 + -14. List the prime factors of ((-92)/(-28) - 3)*t.
2
Suppose 3*d = 7*d + 8. Let y be (-2 - (2 - 10))*d. Let j = y + 21. What are the prime factors of j?
3
Let v(q) = -q**2 + 2*q + 8. Let h(w) = -w + 1. Let r(s) = h(s) - v(s). What are the prime factors of r(7)?
3, 7
Suppose 4*q + 7 = q - t, 5*q + 2*t = -11. Let v(z) = -z + 1. Let f be v(q). Suppose -f*k = -0*k - 48. What are the prime factors of k?
2, 3
What are the prime factors of 2/8 - (-139)/4?
5, 7
Let p be 6/(-39) + 134/26. Suppose 3*o - 2*w = 20, p*o + 5*w - 59 = 16. What are the prime factors of o?
2, 5
Let f = -2 - 17. Let l = f - -29. List the prime factors of l.
2, 5
Let m be 0 + 3/(-1 + 4). Let t be (-3 + 2)*m - -6. Let q = 11 - t. What are the prime factors of q?
2, 3
Suppose 97 = 3*u - 5*g - 0*g, -2*g = -2*u + 58. What are the prime factors of u?
2, 3
Let u = 1 + 4. Suppose -49 = -u*r + 136. List the prime factors of r.
37
Let z = 20 + 52. What are the prime factors of z?
2, 3
Let h be (-2)/6 - (-22)/3. Let j be (4/42*3)/(17/(-119)). What are the prime factors of h + 2 - (-1 + j)?
2, 3
Let a(z) = 16*z**2 + 3*z + 1. List the prime factors of a(2).
71
Let p(a) = -a**3 + 7*a**2 - 3*a + 5. List the prime factors of p(6).
23
Let r(p) = p + 2. Let a be r(2). Suppose -89 = -a*o - 13. List the prime factors of o.
19
Let d = -10 - -18. Suppose k + 9 = -2*x - d, 0 = k + x + 14. Let p = 23 + k. What are the prime factors of p?
2, 3
Let t = -53 - -92. Suppose 4*u + 7 = c, 2*c + 3*c + 4*u - 11 = 0. Suppose -c*k + t = 15. What are the prime factors of k?
2
Let b be 2/(-3) + 664/24. Suppose -b = -4*p - 5*r, 0*r + 2*r + 75 = 5*p. What are the prime factors of p?
13
Let i = 34 - 24. Suppose 0*n = -n + 3. Suppose 5*d + a - 14 = 0, 3*d - a + i = n*a. What are the prime factors of d?
2
Let w(h) = -h**2 - 32*h + 28. What are the prime factors of w(-30)?
2, 11
Let z(i) = 5*i**2 + 3*i - 4. Let j be 0 + (-3)/2*-2. Let w be z(j). Suppose 0 = 3*y - 8*y + w. List the prime factors of y.
2, 5
Suppose -d - 5*d + 168 = 0. List the prime factors of d.
2, 7
Let m = -36 - -52. Suppose 0 = 2*v - 0*v - m. List the prime factors of v.
2
Suppose -9 = -3*q, -3*q + 2*q = -3*f + 648. What are the prime factors of f?
7, 31
Let z = -3 - -11. List the prime factors of (-70)/(-8) - (-2)/z.
3
Suppose 3*a + 3*m - 47 = 2*a, -3*a - 4*m + 156 = 0. What are the prime factors of a?
2, 7
Suppose 3*s + 2*p - 6*p - 22 = 0, 5*s = 3*p + 22. What are the prime factors of 3 + 0 + (1 - s)?
2
Let s = -14 + 5. Let h be 12/(-6) - (s - 0). Suppose 4*d = 3*d + h. List the prime factors of d.
7
What are the prime factors of -1 - -107 - (6 + -4)?
2, 13
Let c = -3 + 19. Suppose -3*m + 7*m + c = 0. List the prime factors of 15 - 2*(-2)/m.
2, 7
Suppose 2*l + 128 = 4*y, 2*y = y - 4*l + 41. List the prime factors of y.
3, 11
Let b be (-10)/(-45) - 691/(-9). Suppose -x + 6*x = 25, x - b = -3*a. Suppose 0*n + 16 = w - n, 4*w + 4*n - a = 0. List the prime factors of w.
11
Suppose 310 - 85 = 5*f. List the prime factors of f.
3, 5
Let w(q) = -2*q - 5. Let p = -5 - -9. Let y be (-23)/p - 1/4. List the prime factors of w(y).
7
Let m(a) = a**3 - 10*a**2 + 9*a + 10. Let y(l) = -2*l + 3. Let i be y(-3). List the prime factors of m(i).
2, 5
Let q(u) = 9*u - 4. What are the prime factors of q(4)?
2
Let a = 21 + 19. Let z = 12 - a. Let c = z + 46. What are the prime factors of c?
2, 3
Let a = -243 - -541. What are the prime factors of a?
2, 149
Let h = -138 + 217. What are the prime factors of h?
79
Suppose -2*i + 5*i = 0. Suppose -5*q = -i*q - 50. List the prime factors of q.
2, 5
Let g = 17 + -13. List the prime factors of g.
2
What are the prime factors of (-3)/4 - (3 - (-1195)/(-20))?
2, 7
Let p be (-22)/(-8) - 3/(-12). Suppose -p*m = -2*m - 40. List the prime factors of m.
2, 5
Let j = 18 - 13. Let t be j - (1 + 1 + 0). Suppose -s + 32 = t*s. What are the prime factors of s?
2
Let h(b) = 4*b - 10. Let z be h(8). Let t = z + -15. What are the prime factors of t?
7
Suppose 3*t = 8*t. Let i be 4 + -3 + 1 + t. Suppose -3*o - i*o + 30 = 0. List the prime factors of o.
2, 3
Suppose 2*c - 2*o + 6 = -0*o, 3*c + 3*o + 27 = 0. Let v = 8 - 11. Let y = v - c. What are the prime factors of y?
3
Let t be (-1 + -41)/(15/(-10)). Suppose -t = u - 5*u. What are the prime factors of u?
7
Suppose -4*g + 24 = -336. List the prime factors of g.
2, 3, 5
Let n(v) = v**2 - 2*v + 3. Let l be n(2). Let p be -2 + 25 + 3/(-1). Suppose -4*j - b = -p, 12 = -j + b + l*b. What are the prime factors of j?
2
Suppose u = -2*k + 21, 2*u + u - 45 = -4*k. What are the prime factors of k?
3
Let r(v) = -28*v**3 + 3*v**2 + v - 2. What are the prime factors of r(-2)?
2, 29
Suppose -2*w + 5 - 1 = 0. 